 What is the units digit of h?
4
What is the hundreds digit of ((-7222)/(-8))/(((-210)/(-56))/15)?
6
What is the hundreds digit of 3272160/176 + (-10)/(-55)?
5
Let b(r) = -77*r**3 + 28*r**2 + 20*r + 67. What is the ten thousands digit of b(-5)?
1
Let r(m) = -m**3 - 38*m**2 + 479*m - 72. What is the thousands digit of r(-49)?
2
Suppose -31*g - 12*g + 65740 = -5*g. What is the tens digit of g?
3
Suppose 0 = 3*u + 4*k + 5, 6*u - 2*u = -2*k + 10. Suppose 2*p + o - 2146 = 0, 0 = u*p - 17*o + 15*o - 5365. What is the units digit of p?
3
Let a = 19 + -16. Suppose 0 = -y + a*y - 5*y. Suppose -2*i - i + 213 = y. What is the units digit of i?
1
Suppose -2*g - 842 = -3042. Suppose -g = -6*s + 4*s. What is the tens digit of s?
5
Suppose -5*b + 2923 = 3*c, 42*c - 5*b = 38*c + 3944. Let h = 407 + c. What is the units digit of h?
8
Let y(c) = 8*c - 4. Let s be y(1). Suppose -2*q - 2*q + 952 = s*b, 504 = 2*b - 5*q. What is the units digit of b?
2
Suppose g - 2 = -5*d, -5*d = 5*g - 2*g - 6. Suppose -l = 3*y - 25, -g*l + 6*y + 56 = 10*y. Let w = l - 5. What is the tens digit of w?
2
Let b be (-1)/(2 - (-27)/(-12)). Let k be (184/(-368))/((-1)/10). Suppose k*n - i = 104, 3*i - i - 86 = -b*n. What is the tens digit of n?
2
Suppose 2*q + 637 = t, -4*t + 2680 - 48 = 4*q. What is the tens digit of t?
5
Let u = 131 - 135. What is the tens digit of 3/(u - (-4)/3040*3046)?
8
What is the ten thousands digit of -23 + (-128)/(-16) + 26389?
2
Let o be (-6)/14 + 609/49. Let t be (-9)/((-27)/o) - -3. What is the units digit of 460/t + (-2 - (-48)/21)?
6
Let y = 6818 - 5652. What is the tens digit of y?
6
Let f(a) = -390*a + 1. Let v be f(-1). Suppose -5*q = -4*q - 4*h - v, 2*h = 5*q - 1919. What is the tens digit of q?
8
Suppose 0 = -28*n + 25*n + 537. Let t = n - -137. What is the hundreds digit of t?
3
Let x(w) = 2*w**3 - 17*w**2 - 13*w - 15. Let f(h) = 3*h**3 - 25*h**2 - 20*h - 22. Let y(c) = -5*f(c) + 8*x(c). What is the tens digit of y(12)?
8
Let a be (177/6 - 1)*-6. Let n = a - -250. Suppose 0 = 4*i - 205 - n. What is the units digit of i?
1
Let a be 4082/(-13)*3/12*-2. What is the units digit of (8 - 8)*(-2)/6 + a?
7
Let a be (0/2 - -227)*1. Suppose -a - 574 = 9*g. Let k = g - -148. What is the tens digit of k?
5
Let g be ((-1)/(-1)*0)/(4/4). Suppose g = -y + 5*y + 16. What is the units digit of (-564)/(-3) - (-1 - y)?
5
Let a = -26 + 62. Let x be ((-5)/(50/(-12)))/(a/120). What is the units digit of 0/((-8)/x) - (-93 + 0)?
3
Let b(v) = 1052*v - 315. What is the units digit of b(6)?
7
Let m(b) = -b**2 - b + 46. Let x be m(6). Suppose -2*n - 3*q = -756, -n - q - 1134 = -x*n. What is the units digit of n?
8
Suppose -13*o + 7*o + 3558 = 0. Suppose 0 = 4*g - 3*n - o, 445 = 3*g - 3*n + n. What is the units digit of g?
9
Let d = 7639 + -2276. What is the thousands digit of d?
5
Let c(d) = 4*d**3 + d**2 - 3*d + 12. Let r(y) = -5*y**3 + 3*y - 11. Let b(m) = -7*c(m) - 6*r(m). What is the tens digit of b(8)?
8
Suppose -18*b = -29*b + 7986. Suppose 0 = u - g + 2*g - b, 2*g - 2176 = -3*u. What is the hundreds digit of u?
7
Let z = -554 - -559. Suppose 4*b - 3*q + 0*q - 34 = 0, -3*b = q - 32. Let p = z + b. What is the units digit of p?
5
Suppose 4*k - 3626 = 20310. What is the hundreds digit of k?
9
Suppose -5*i = -0*i + 4*d + 421, 2*i + 5*d = -182. Suppose 3*z + 23 = -73. Let n = z - i. What is the units digit of n?
9
What is the units digit of 18012 + (3 + -5)*5/((-30)/6)?
4
Let k be -3 - (3 - 1/1). Let y be ((-4)/12)/(179/(-45) - -4). What is the units digit of (-555)/(-9) + k/y?
2
Suppose 5*f = 5*j - 23980, 4*j - f - 9657 = 9530. What is the thousands digit of j?
4
Let j(v) = 3*v**3 + 7*v**2 + 60*v - 15. Let d be j(-7). Let h = 2009 + d. What is the tens digit of h?
8
Let m = -31 + 34. Suppose 4*z - z - 2063 = -2*f, m*z = -4*f + 4117. What is the tens digit of f?
2
Suppose 4*m - 31216 = -4*f, -2*m - 3142 + 18748 = 4*f. What is the thousands digit of m?
7
What is the ten thousands digit of (18/(-21))/(-15 - (-13751280)/916755)?
1
Let w(j) = j**3 - 7*j**2 + 8*j. Let x be w(8). Let q be (1092/16)/(0 + 6/16). Let t = q - x. What is the tens digit of t?
5
Let c = 12 + 650. Let v = 339 + c. What is the tens digit of v?
0
Let x be (-17)/(-68) + 30/8. Let h = x + -3. What is the units digit of h/2 - (-565)/10?
7
Suppose -56*p - 47332 = -60*p. What is the ten thousands digit of p?
1
Suppose -88*h = -129*h + 148748. What is the tens digit of h?
2
Suppose 24*u - 158789 = 2*u + 4055. What is the units digit of u?
2
Let o = -189 + 191. Suppose 4*c - o*f - 876 = 0, 2*c = 4*f - 157 + 595. What is the hundreds digit of c?
2
Suppose 34*o - 205968 - 1390981 = -59707. What is the thousands digit of o?
5
Suppose 17*l - 40950 = 7*l. What is the tens digit of l?
9
Let b(f) = f + 17. Suppose 7*t - 4*k = 6*t + 4, 2*k + 2 = -4*t. Suppose 0 = 3*l + 5*g + 25, t = -l + 5*g + 1 + 4. What is the tens digit of b(l)?
1
Let x be (3 - 41478/(-14)) + (-4)/(-14). Suppose 1390 = 12*n - x. What is the units digit of n?
3
Let j = -33 - -25. Let d be j/44 - (-244)/11. Suppose 5*b - 138 = d. What is the tens digit of b?
3
Let n(h) = -55 + 312 - 69 - 48*h + 126 + 324. What is the units digit of n(0)?
8
Let z(x) = 4*x - 6. Let o(v) = 4*v - 7. Let i(s) = -4*o(s) + 3*z(s). Let g(w) = -119*w - 123. Let j be g(-1). What is the tens digit of i(j)?
2
What is the tens digit of ((-12)/11)/(194/(-71489))?
0
Let z = 126157 + -86381. What is the thousands digit of z?
9
Suppose 2*l - 312 - 22 = -4*k, -3*k - 624 = -4*l. Suppose -y + 3*t + 199 = 0, -3*y - 5*t + l = -2*y. What is the units digit of y?
4
Let q = 5548 + 174. What is the thousands digit of q?
5
Let c(p) = p**3 + 2*p**2 + 2*p + 3. Let x be c(-3). Let y be (2 - -13)*9/27*(-96)/(-15). What is the tens digit of (-87)/4*y/x?
5
Suppose -5*s = 4*b - 73094, 0 = -3*s - 3*b + 2406 + 41454. What is the tens digit of s?
1
What is the units digit of (-5090)/(-2)*(60/330)/(20/572)?
4
Let b = 96 - 40. Let w = b + 164. What is the hundreds digit of w?
2
Let x(c) be the second derivative of 15*c**4/4 + 11*c**3/6 - 17*c**2 - 59*c. What is the tens digit of x(6)?
5
Let q = 3650 - -11605. What is the tens digit of q?
5
Suppose -h + 4 = -3*i, -3*h + i = -h - 18. Suppose 0 = -2*d + o + 3536, 2*o + 5304 = -7*d + h*d. What is the units digit of d?
8
Suppose 0 = 156*x - 2288220 - 102661 - 1115999. What is the tens digit of x?
8
What is the hundreds digit of (-18 + 528/32)*(-94072)/6?
5
Suppose 5*v + 26825 = y, -1463*v + 53617 = 2*y - 1462*v. What is the ten thousands digit of y?
2
Let h(i) be the third derivative of i**4/24 + 19*i**3/6 + 77*i**2. What is the tens digit of h(17)?
3
Let p(i) = -88*i**3 + 5*i**2 + 2*i - 5. Let f be p(-2). Let h = f - -543. What is the hundreds digit of h?
2
Let t(x) = 3*x**2 - 2*x - 76. Let b = -544 + 526. What is the units digit of t(b)?
2
Let b(s) = -16*s**2 + 2*s - 2. Let x be b(-4). Suppose 0*i - i = f + 177, -3*f = -12. Let r = i - x. What is the units digit of r?
5
Let z be 9 - (-4 + 53)/(-7). Suppose 0 = z*l - 3507 - 2429. What is the units digit of l?
1
Let b(r) = -5*r - 37. Let h be b(-8). Suppose 0*q + 2*q - h*a = 506, 5*q - 2*a = 1287. What is the units digit of q?
9
Let p be 3/3 - (-3 - (1 - 2)). Suppose 210 = p*f + 2*q - 18, -4*f - q = -299. What is the tens digit of f?
7
Suppose 5*o - 4*l - 1757 = 687, 0 = 5*o + 4*l - 2436. Let q = o - 18. What is the tens digit of q?
7
Let a = 396 + -393. Suppose -6*b + b + 2285 = a*s, s + 1845 = 4*b. What is the units digit of b?
0
What is the ten thousands digit of (138/27)/(118/663219)?
2
Let i(j) = 2432*j + 3474. What is the hundreds digit of i(14)?
5
Let w(j) = 2*j + 2459. What is the units digit of w(80)?
9
Let a = -1739 - -14878. What is the thousands digit of a?
3
Suppose -224*p + 186180 = -137*p. What is the hundreds digit of p?
1
Let u(f) = -5*f + 50. Let h be u(15). Let p = h - -37. What is the tens digit of ((-1146)/(-8))/3 - 9/p?
4
Suppose 1310 = 13*y - 3*y. Let w = y - 77. Let x = w + 235. What is the units digit of x?
9
Let m = 354 - 445. Let t = m + 406. What is the units digit of t?
5
Suppose 0 = -4*n + 2*l - 22, 6*n - 3*l = 8*n - 9. Let u be (4 - 9)*(27/(-15))/n. Let t(i) = -28*i - 14. What is the units digit of t(u)?
0
Suppose -43*z + 44*z = 0. Suppose 22*d - 15*d - 1757 = z. What is the uni